r?
False
Let w = 68 - 57. Let z be 1/(1/1170) + 11/w. Let l = z + -252. Is l prime?
True
Suppose -4*c + 3*w + 432688 = 0, -4*c - 5*w + 0*w = -432656. Is c prime?
False
Suppose -1821*t + 1302614 = 3*z - 1820*t, 5*z - 2171007 = -4*t. Is z a composite number?
True
Suppose 137*i + 358496 = 141*i + 4*w, 3*w = 4*i - 358517. Is i a prime number?
True
Let x(k) be the third derivative of k**5/12 - 7*k**4/12 + 11*k**3/2 + 24*k**2. Let w be x(6). Let b = 538 - w. Is b prime?
True
Suppose -40*v - 17117616 = -132*v - 4427228. Is v prime?
False
Let p(m) = 2491*m + 945. Is p(8) composite?
False
Let m(b) = 27*b - 19. Let g be m(5). Suppose -2*x = -134 - 40. Let w = x + g. Is w a composite number?
True
Let i(p) = 1459*p**2 + 17*p + 101. Is i(-6) a prime number?
False
Let o be (72/15)/(-6)*(-21 - -1). Suppose -33213 = -o*a + 29491. Suppose -12*u - 1267 = -a. Is u a prime number?
False
Let c(t) = t**3 + 19*t**2 - 22*t - 25. Let d be c(-20). Let j = 37 + -23. Suppose -d*z + 613 = -j*z. Is z a prime number?
True
Let m = -76 - -122. Let k = m + -41. Suppose 0*j = -k*j + 2*u + 6813, u = 2*j - 2726. Is j a composite number?
False
Let h(b) = -b**3 + 6*b**2 + 30*b + 34. Is h(-9) a composite number?
True
Let v be (-190)/(-170) + (-60)/(-68) + -1. Is (-402 - 78/(-6))*(-24 + v) a composite number?
True
Suppose 3*t + 21 = 6*t. Suppose 0 = t*d - 19 - 9. Suppose 10*v - 1758 = d*v. Is v composite?
False
Let d = 78 + -131. Let s = d - -57. Is (159/(-2))/((-3)/s) a composite number?
True
Let f = 262 - 260. Suppose 2*d = -f*y - 18 + 1952, 967 = d + 3*y. Is d a composite number?
False
Let t be (-57 - (-1 - -1))*7/(-21). Suppose 3*v + 2*j = -3*j + 23, v - 4*j = t. Is 17943/v - (53/(-11) - -5) prime?
False
Let k = 595661 - 224668. Is k a prime number?
False
Let p(f) = 2370*f**2 + 25*f + 91. Is p(-4) prime?
False
Let f(x) = -618*x + 24. Let k be 4 + -7 + -1 + -2. Let m be f(k). Let d = -1529 + m. Is d prime?
True
Is -1*(-123355764)/945*5/2 a prime number?
False
Suppose -o + 3*n = -168280, -o + 245042 - 76727 = 2*n. Is o a composite number?
True
Let w(m) = 837711*m + 466. Is w(1) prime?
False
Let q(c) = 683*c + 56. Let v = -47 + 62. Is q(v) a composite number?
False
Let d(b) = 201497*b**2 + 3*b + 9. Is d(-1) a prime number?
False
Let i = 1031 - 414. Suppose -2*f = -i - 117. Is f a prime number?
True
Let l = -63 - -62. Let p = 0 - l. Let b(m) = 12*m**3 - m**2 + m - 1. Is b(p) a prime number?
True
Suppose 32*h = -5*h + 6246158 + 9518099. Is h composite?
False
Let i be -20*(48/3)/2. Let j be (-459 - -4)/5*(-5 - -2). Let y = i + j. Is y prime?
True
Let y be 147/14 + (-2)/(-4). Let d(q) = -13*q + 12. Let k(v) = -14*v + 11. Let u(g) = 4*d(g) - 5*k(g). Is u(y) prime?
True
Suppose -58*m - 257366 + 3349770 = -4356594. Is m a composite number?
False
Let k = 231 + -218. Let u(x) = x**2 + 49. Is u(k) a prime number?
False
Let h(s) = s**3 + 2*s**2 - 4*s + 2. Let g be h(-3). Let a be g/((-10)/(-2)) - 4. Is (a + (-277)/2)/((-3)/18) prime?
False
Let h(i) = 9*i**3 + 6*i**2 - 3*i + 1. Let c(b) = -3*b**3 - 2*b**2 + b. Let w(o) = 11*c(o) + 4*h(o). Let k be w(4). Let n = k + 83. Is n a prime number?
True
Suppose -52*d = 3*q - 57*d - 81048, 4*q - 4*d - 108080 = 0. Is q composite?
True
Is ((-118978860)/(-38))/6 + (-12)/114 composite?
True
Let t = 480 - 476. Suppose -p + 4258 = s + 1072, -t*p - 3171 = -s. Is s composite?
True
Suppose -5*w + 4906 = z - 57196, 37260 = 3*w + z. Let q = w - 3416. Is q a composite number?
True
Suppose 0 = 2*c + 3*p - 74, 2*c - 5*p = 25 + 33. Suppose 39*a = c*a + 45145. Is a prime?
True
Let d = 2298129 - 280436. Is d composite?
False
Let k = 167273 - 96156. Suppose -5*z + 41238 = -k. Is z a composite number?
True
Let y(t) = 2*t**2 + 59*t - 27. Let i be y(-30). Suppose -13165 = -2*f - i*f. Is f composite?
False
Suppose -946*r + 916*r + 860910 = 0. Is r a composite number?
False
Suppose -27*f + 28*f = 0. Let w(s) = 112 + 242 - s + 151. Is w(f) a prime number?
False
Let z(n) = 40429*n - 48. Is z(5) prime?
False
Let q(b) = 35*b**2 + 3*b - 4. Let d be q(2). Let c = -42 + -47. Let p = c + d. Is p a prime number?
True
Let m = 6563 - 4501. Suppose d + 263 = m. Is d a prime number?
False
Let b = 169 + -116. Suppose -31*x = -18 - 34 - 10. Let z = b + x. Is z prime?
False
Suppose -22 = -7*n - 1. Let y = -6 + 6. Suppose -4*z + 1301 = n*f, 319 = z - y*f + 2*f. Is z prime?
False
Suppose -7*v + 17117561 - 119949972 = -180*v. Is v a prime number?
False
Let m be 33931/(-5) + 3/15. Let v = 11125 + m. Is v a composite number?
False
Suppose 89*k = 29*k + 1376375 + 176005. Is k a prime number?
True
Let c = -20 - -16. Let z(v) = -705*v + 13. Let t be z(c). Let s = t - 1140. Is s prime?
True
Suppose t - 5*m - 23736 = 0, 3*m = -5*t + t + 95036. Suppose 26*s = 22*s + t. Is s composite?
False
Suppose 2*z - 2166 = -5*s - z, -5*s + 5*z + 2150 = 0. Let k(w) = -w**2 + 21*w + 75. Let p be k(32). Let q = p + s. Is q composite?
True
Suppose 0 = 66*x - 110*x + 62*x - 3710754. Is x a composite number?
False
Let l = -55 - -60. Suppose 0 = -s + 3*a - 440 + 41, 4*a + 1938 = -l*s. Is s/20*82/(-3) a prime number?
False
Let q = 330 - 338. Is 2780 + q/(8/3) composite?
False
Suppose -3*h = -2*f - 19, 5*h - 17 = 3*f + 14. Is (6/f + 4)/((-3)/(-7509)) composite?
False
Let l(i) = -5 - 15 - 4*i**3 - 5*i**2 + 2*i**3 + 33. Let w be l(-6). Suppose -3*p + 161 = -w. Is p a composite number?
True
Let b = -14006 - 25. Let f = -9128 - b. Is f a composite number?
False
Let i(c) = c**3 - 13*c**2 - 6*c + 30. Let q be i(13). Is (-244936)/(-56) - q/(-56) composite?
False
Suppose -41*r + 942412 + 431839 = -2317020. Is r prime?
True
Suppose -62*n + 21812 = 14*n. Is n a prime number?
False
Let i = -24505 - -51174. Is i composite?
False
Suppose 270*l - 103*l - 196816293 = -63206440. Is l a prime number?
False
Suppose 3*o = -15, 15 + 21 = 4*b - 4*o. Let v(k) = 271*k**2 + 3*k - 5. Let a(w) = -136*w**2 - 2*w + 3. Let d(f) = 7*a(f) + 4*v(f). Is d(b) a composite number?
True
Let s(i) = -42*i**3 + 87*i**2 + 24*i + 55. Is s(-14) a prime number?
True
Let q be (78/(-15))/((-5)/25). Suppose -21*s - 27539 = -4*a - q*s, 5*a = 2*s + 34399. Is a a composite number?
True
Let m(z) = -32*z - 15. Let n be m(-4). Suppose -n + 954 = b. Suppose 4*f - b - 955 = 0. Is f prime?
True
Is ((-7)/((-224)/(-1444784)))/(3/(-6)) a prime number?
False
Let z(d) = 18095*d + 4965. Is z(14) a composite number?
True
Suppose 0 = -a - 463*w + 460*w + 41671, -5*a - 2*w = -208277. Is a a prime number?
False
Suppose 12763832 + 3510817 + 4906064 = 157*i. Is i a prime number?
True
Suppose 9*q - 4*q = -5, 0 = -2*p - q + 1582497. Is p a prime number?
False
Suppose -3*w = -4*u + 942182, -5*u - w + 1174809 = -2928. Is u a prime number?
False
Suppose 1139780 = -22*l + 27*l + 3*u, 4*l = -2*u + 911826. Is l prime?
False
Let a(u) = 220*u**3 + 5 - 219*u**3 + 0 - 1 - 13*u + 12*u**2. Let d be a(-13). Suppose 2*i = -m + 661, 4*m + 0*m + d*i = 2656. Is m composite?
True
Suppose 331 = -n - 233. Let u = n - -3269. Is u composite?
True
Let i(c) = -5*c - 19. Let j be i(-12). Suppose j = -3*m + 11. Is (m/(-20) - 2090/(-4)) + -2 prime?
True
Let x be 2 - (1 + (-1 - -854)). Let r = 1535 + x. Is r a composite number?
False
Let x be (-2)/3 + 12344/(-6). Let c = x + 4674. Suppose 59 = 5*t - c. Is t a composite number?
True
Suppose 5*t - 78384 - 159749 = 3*h, -4*t - 3*h + 190528 = 0. Is t a composite number?
False
Suppose -3*d = 3*u - 64 - 2234, 0 = 5*u - 5*d - 3800. Suppose -2*p + 1817 = 5*y - u, 0 = 4*p - 4*y - 5132. Is p prime?
False
Suppose 2*r - 11 + 1 = 0. Is (-98)/(-4)*(50/5)/r composite?
True
Suppose -46*y + 3 = -47*y. Let b be y/2*((-3237)/9 + -1). Suppose 297 + b = v. Is v prime?
False
Suppose -4*v - 567148 = i + 3*i, -5*i - 425361 = 3*v. Let g = v - -205580. Is g a prime number?
True
Suppose -6*l = -13*l + 13321. Let z = 2826 - l. Is z a composite number?
True
Let l = -109111 + 545220. Is l a prime number?
False
Let u(c) = 8036*c**2 - 93*c - 348. Is u(-5) a composite number?
True
Let x(i) = 176*i**2 + 31*i + 8. Is x(-3) composite?
False
Let f(g) be the third derivative of 27*g**5/20 - g**4/8 - 35*g**3/6 - 105*g**2. Is f(11) composite?
False
Suppose 25 = 7*a - 24. Suppose -q = 2*o - 2951, 9*q - 3*o - 5867 = a*q. Is q a prime number?
False
Suppose 13*d = 9*d + 548. Suppose -d*w + 142*w + 2365 = 0. 